late the greatest common factor of 33119468 and 136.
68
What is the greatest common factor of 1751 and 99840269?
1751
Calculate the greatest common factor of 691853 and 551.
29
What is the greatest common divisor of 1003 and 382194?
17
What is the highest common divisor of 18625 and 87675325?
3725
What is the highest common factor of 1115 and 460049?
223
Calculate the highest common factor of 402489 and 37173089.
4969
What is the highest common divisor of 24089 and 471?
1
Calculate the greatest common divisor of 123625 and 1849.
43
What is the highest common factor of 175143562 and 66?
22
What is the highest common factor of 1938456 and 1066?
26
What is the greatest common divisor of 8253 and 746756199?
8253
What is the greatest common factor of 49739468 and 52738?
7534
What is the greatest common factor of 14203773 and 342?
171
What is the highest common divisor of 772120 and 1791?
199
Calculate the highest common divisor of 14510205 and 4617.
513
What is the highest common factor of 893 and 4796820?
47
What is the highest common factor of 198 and 2010910?
22
What is the greatest common factor of 1512 and 63320292?
756
What is the greatest common factor of 26 and 300298?
2
What is the highest common factor of 48970 and 7198?
118
What is the greatest common divisor of 59510 and 25355?
55
Calculate the greatest common factor of 2318195 and 63280.
565
Calculate the highest common divisor of 1800 and 76584.
24
Calculate the greatest common factor of 1416785 and 280.
5
What is the highest common divisor of 9046009 and 211753?
1979
What is the highest common factor of 52540330 and 20?
10
What is the greatest common divisor of 214191 and 8361?
9
Calculate the greatest common factor of 324 and 648378.
54
What is the greatest common divisor of 235637234 and 28?
14
What is the highest common divisor of 136022608 and 17260?
3452
Calculate the greatest common divisor of 121631062 and 70.
14
Calculate the highest common divisor of 459186484 and 5582.
5582
What is the highest common factor of 68 and 8306489?
17
Calculate the greatest common factor of 292955 and 22347.
13
Calculate the greatest common factor of 204042925 and 425.
425
What is the greatest common factor of 2429 and 5485723?
347
Calculate the highest common divisor of 5001099 and 9.
3
Calculate the greatest common divisor of 54158350 and 250.
50
Calculate the greatest common divisor of 252 and 896544642.
42
Calculate the greatest common divisor of 114 and 3532024.
38
What is the greatest common factor of 66976 and 10044307?
2093
Calculate the greatest common divisor of 773150 and 47950.
350
What is the highest common divisor of 44353 and 24021?
17
Calculate the highest common divisor of 240 and 18087250.
10
What is the highest common factor of 9766 and 114038?
38
What is the greatest common divisor of 36662 and 6426211?
797
Calculate the highest common factor of 2000608 and 2598562.
1238
What is the greatest common divisor of 436600 and 14200?
200
Calculate the highest common factor of 338 and 498888.
338
Calculate the greatest common divisor of 9618 and 16604790.
1374
What is the highest common divisor of 613274 and 1912?
478
What is the highest common factor of 7233510 and 250?
10
Calculate the greatest common divisor of 24 and 23603226.
6
What is the highest common factor of 67584 and 143080960?
5632
What is the greatest common factor of 31984323 and 399?
21
Calculate the highest common factor of 40131 and 176.
1
What is the highest common factor of 917 and 38175889?
131
Calculate the greatest common factor of 843726 and 12.
6
Calculate the greatest common divisor of 7182 and 518644.
14
Calculate the greatest common factor of 166561695 and 171.
171
Calculate the highest common divisor of 13664 and 50890.
14
Calculate the highest common factor of 55 and 47069627.
11
Calculate the highest common factor of 29140 and 8162020.
940
What is the greatest common divisor of 30 and 12691330?
10
Calculate the greatest common factor of 44897 and 5070581.
139
Calculate the highest common factor of 124 and 5135243.
31
What is the highest common factor of 2 and 1596112?
2
What is the highest common divisor of 40882766 and 86?
86
What is the greatest common divisor of 444 and 2207028?
12
What is the highest common divisor of 7050600 and 795?
15
What is the highest common factor of 464 and 1414048?
16
Calculate the greatest common factor of 1503190 and 1330.
10
What is the highest common factor of 14596 and 25737176?
164
Calculate the greatest common divisor of 20327780 and 235.
5
What is the greatest common divisor of 191685 and 35388?
2949
Calculate the greatest common factor of 3178 and 3433375.
227
What is the highest common factor of 1000 and 2010640?
40
What is the greatest common divisor of 12529 and 632995?
187
Calculate the highest common factor of 48 and 2981099808.
48
Calculate the greatest common factor of 35086524 and 176.
44
Calculate the highest common divisor of 65203723 and 3716.
929
What is the highest common factor of 901 and 28234637?
901
What is the greatest common divisor of 91 and 22465612?
13
Calculate the greatest common divisor of 2401292 and 774.
86
What is the highest common divisor of 540022812 and 49294?
7042
Calculate the greatest common factor of 163982 and 73829.
371
Calculate the greatest common factor of 1244100 and 308.
44
What is the highest common divisor of 18 and 669422106?
18
Calculate the highest common divisor of 23711436 and 126.
126
What is the greatest common divisor of 71821299 and 5412?
1353
Calculate the highest common factor of 23 and 34246034.
23
What is the greatest common factor of 50780728 and 2263?
31
Calculate the greatest common factor of 238 and 282422.
14
What is the highest common factor of 1394 and 3274096?
82
What is the greatest common divisor of 8744 and 2360923720?
8744
Calculate the greatest common divisor of 5 and 2707464.
1
Calculate the highest common divisor of 796 and 496903.
199
What is the highest common divisor of 1574040753 and 9?
9
Calculate the highest common factor of 12373972 and 260.
52
What is the greatest common divisor of 10269235 and 55?
5
Calculate the greatest common divisor of 36 and 7248834.
18
What is the highest common factor of 558 and 1557254?
62
Calculate the greatest common divisor of 4095 and 3818304.
63
Calculate the highest common divisor of 95080896 and 8487.
207
Calculate the greatest common divisor of 14504 and 202636.
28
What is the highest common factor of 19 and 52566122?
19
What is the highest common factor of 56271158 and 244?
122
Calculate the highest common factor of 18 and 3421296.
18
Calculate the highest common factor of 15972 and 214452051.
3993
Calculate the highest common factor of 64996853 and 95.
19
Calculate the greatest common divisor of 224 and 121968.
112
What is the greatest common factor of 43731532 and 832?
52
Calculate the highest common divisor of 1318460 and 730.
10
Calculate the greatest common factor of 340 and 4050760.
340
What is the greatest common divisor of 10303696 and 416?
208
What is the highest common divisor of 4115284 and 5652?
628
Calculate the greatest common factor of 13472 and 2672.
16
What is the highest common factor of 14337516 and 514?
514
What is the highest common factor of 3012 and 3177516?
12
What is the highest common divisor of 4095 and 231555?
15
Calculate the greatest common factor of 900 and 7797490.
10
Calculate the highest common factor of 37306886 and 24466.
1882
What is the highest common factor of 16 and 6541922?
2
What is the highest common divisor of 312755 and 201749?
881
Calculate the greatest common factor of 37 and 233822906.
37
What is the highest common divisor of 1099593635 and 545?
545
Calculate the greatest common factor of 72919620 and 685.
685
Calculate the highest common divisor of 78 and 25541394.
6
What is the greatest common divisor of 86174369 and 703?
37
What is the highest common divisor of 35 and 1728515?
5
What is the greatest common divisor of 303692512 and 48?
16
Calculate the highest common divisor of 2436606 and 36.
18
What is the highest common factor of 25135669 and 52?
13
What is the highest common divisor of 89 and 1872?
1
What is the highest common factor of 130 and 1407360?
10
Calculate the greatest common divisor 